{"id":3642,"date":"2013-07-24T14:26:12","date_gmt":"2013-07-24T12:26:12","guid":{"rendered":"https:\/\/www.familienplanungszentrum.de\/aktuelles\/"},"modified":"2024-04-18T15:59:08","modified_gmt":"2024-04-18T13:59:08","slug":"aktuelles","status":"publish","type":"page","link":"https:\/\/www.familienplanungszentrum.de\/en\/aktuelles\/","title":{"rendered":"Aktuelles"},"content":{"rendered":"<h3>\u00a0<\/h3>\r\n<p>Montag, Mittwoch, Donnerstag und Freitag von 10-13 Uhr<br \/>\r\nDienstag und Freitag von 16-18 Uhr<\/p>\r\n<h3>Das Familienplanungszentrum ist weiterhin nur eingeschr\u00e4nkt ge\u00f6ffnet:<\/h3>\r\n<p>F\u00fcr Schwangerschaftskonfliktberatungen\/ Beratungen vor einem Schwangerschaftsabbruch und Beratungen in Krisen in der Schwangerschaft und Elternzeit sind wir in Altona gerne f\u00fcr Sie da!<\/p>\r\n<p>Das medizinische Angebot steht nur eingeschr\u00e4nkt zur Verf\u00fcgung.<\/p>\r\n<p>Melden Sie sich bitte telefonisch (040-439 28 22), um einen Termin zu vereinbaren.\u00a0Bitte bringen Sie nur eine Begleitperson mit, wenn dies unbedingt erforderlich ist (z.B. Sprachmittlerin).<\/p>\r\n<p>Wir bitten Sie bei Anzeichen einer <strong>Erk\u00e4ltung oder Grippeerkrankung (z.B. akuter Husten, Fieber)<\/strong> dies unbedingt bei der telefonischen Anmeldung mitzuteilen.<\/p>\r\n<p>Nutzen Sie gern auch die M\u00f6glichkeit, Informationen \u00fcber die Telefonsprechstunden im Familienplanungszentrum zu erhalten. \u00a0(040-439 28 22)<\/p>\r\n<p>Mo, Mi, Do, Fr \u00a010-13 Uhr<br \/>\r\nDi \u00a015 \u00a0-18 Uhr<br \/>\r\nDo 16 - 18 Uhr<\/p>\r\n<p>Vielen Dank f\u00fcr Ihr Verst\u00e4ndnis!<\/p>\r\n<h3>\u00a0<\/h3>\r\n<p>&nbsp;<\/p>","protected":false},"excerpt":{"rendered":"<p>\u00a0 Montag, Mittwoch, Donnerstag und Freitag von 10-13 Uhr Dienstag und Freitag von 16-18 Uhr Das Familienplanungszentrum ist weiterhin nur eingeschr\u00e4nkt ge\u00f6ffnet: F\u00fcr Schwangerschaftskonfliktberatungen\/ Beratungen vor einem Schwangerschaftsabbruch und Beratungen in Krisen in der Schwangerschaft und Elternzeit sind wir in Altona gerne f\u00fcr Sie da! Das medizinische Angebot steht nur eingeschr\u00e4nkt zur Verf\u00fcgung. Melden Sie sich bitte telefonisch (040-439 28 22), um einen Termin zu vereinbaren.\u00a0Bitte bringen Sie nur eine Begleitperson mit, wenn dies unbedingt erforderlich ist (z.B. Sprachmittlerin). Wir bitten Sie bei Anzeichen einer Erk\u00e4ltung oder Grippeerkrankung (z.B. akuter Husten, Fieber) dies unbedingt bei der telefonischen Anmeldung mitzuteilen. Nutzen Sie gern auch die M\u00f6glichkeit, Informationen \u00fcber die Telefonsprechstunden im Familienplanungszentrum zu erhalten. \u00a0(040-439 28 22) Mo, Mi, Do, Fr \u00a010-13 Uhr Di \u00a015 \u00a0-18 Uhr Do 16 &#8211; 18 Uhr Vielen Dank f\u00fcr Ihr Verst\u00e4ndnis! \u00a0 &nbsp;<\/p>\n","protected":false},"author":1,"featured_media":0,"parent":0,"menu_order":0,"comment_status":"closed","ping_status":"closed","template":"page-aktuelles.php","meta":{"_acf_changed":false,"footnotes":""},"class_list":["post-3642","page","type-page","status-publish","hentry"],"acf":[],"_links":{"self":[{"href":"https:\/\/www.familienplanungszentrum.de\/en\/wp-json\/wp\/v2\/pages\/3642","targetHints":{"allow":["GET"]}}],"collection":[{"href":"https:\/\/www.familienplanungszentrum.de\/en\/wp-json\/wp\/v2\/pages"}],"about":[{"href":"https:\/\/www.familienplanungszentrum.de\/en\/wp-json\/wp\/v2\/types\/page"}],"author":[{"embeddable":true,"href":"https:\/\/www.familienplanungszentrum.de\/en\/wp-json\/wp\/v2\/users\/1"}],"replies":[{"embeddable":true,"href":"https:\/\/www.familienplanungszentrum.de\/en\/wp-json\/wp\/v2\/comments?post=3642"}],"version-history":[{"count":11,"href":"https:\/\/www.familienplanungszentrum.de\/en\/wp-json\/wp\/v2\/pages\/3642\/revisions"}],"predecessor-version":[{"id":5506,"href":"https:\/\/www.familienplanungszentrum.de\/en\/wp-json\/wp\/v2\/pages\/3642\/revisions\/5506"}],"wp:attachment":[{"href":"https:\/\/www.familienplanungszentrum.de\/en\/wp-json\/wp\/v2\/media?parent=3642"}],"curies":[{"name":"wp","href":"https:\/\/api.w.org\/{rel}","templated":true}]}}

<h3> </h3>
<p>Montag, Mittwoch, Donnerstag und Freitag von 10-13 Uhr<br />
Dienstag und Freitag von 16-18 Uhr</p>
<h3>Das Familienplanungszentrum ist weiterhin nur eingeschränkt geöffnet:</h3>
<p>Für Schwangerschaftskonfliktberatungen/ Beratungen vor einem Schwangerschaftsabbruch und Beratungen in Krisen in der Schwangerschaft und Elternzeit sind wir in Altona gerne für Sie da!</p>
<p>Das medizinische Angebot steht nur eingeschränkt zur Verfügung.</p>
<p>Melden Sie sich bitte telefonisch (040-439 28 22), um einen Termin zu vereinbaren. Bitte bringen Sie nur eine Begleitperson mit, wenn dies unbedingt erforderlich ist (z.B. Sprachmittlerin).</p>
<p>Wir bitten Sie bei Anzeichen einer <strong>Erkältung oder Grippeerkrankung (z.B. akuter Husten, Fieber)</strong> dies unbedingt bei der telefonischen Anmeldung mitzuteilen.</p>
<p>Nutzen Sie gern auch die Möglichkeit, Informationen über die Telefonsprechstunden im Familienplanungszentrum zu erhalten.  (040-439 28 22)</p>
<p>Mo, Mi, Do, Fr  10-13 Uhr<br />
Di  15  -18 Uhr<br />
Do 16 - 18 Uhr</p>
<p>Vielen Dank für Ihr Verständnis!</p>
<h3> </h3>
<p>&nbsp;</p>

<p>  Montag, Mittwoch, Donnerstag und Freitag von 10-13 Uhr Dienstag und Freitag von 16-18 Uhr Das Familienplanungszentrum ist weiterhin nur eingeschränkt geöffnet: Für Schwangerschaftskonfliktberatungen/ Beratungen vor einem Schwangerschaftsabbruch und Beratungen in Krisen in der Schwangerschaft und Elternzeit sind wir in Altona gerne für Sie da! Das medizinische Angebot steht nur eingeschränkt zur Verfügung. Melden Sie sich bitte telefonisch (040-439 28 22), um einen Termin zu vereinbaren. Bitte bringen Sie nur eine Begleitperson mit, wenn dies unbedingt erforderlich ist (z.B. Sprachmittlerin). Wir bitten Sie bei Anzeichen einer Erkältung oder Grippeerkrankung (z.B. akuter Husten, Fieber) dies unbedingt bei der telefonischen Anmeldung mitzuteilen. Nutzen Sie gern auch die Möglichkeit, Informationen über die Telefonsprechstunden im Familienplanungszentrum zu erhalten.  (040-439 28 22) Mo, Mi, Do, Fr  10-13 Uhr Di  15  -18 Uhr Do 16 &#8211; 18 Uhr Vielen Dank für Ihr Verständnis!   &nbsp;</p>
